 + 5*q + 3 + 8*q**2 - 3*q. Let d be m(-4). Suppose j = d + 79. Is j a prime number?
False
Suppose 4*g = 3*o + o - 4760, 4*g - 1215 = -o. Is o a composite number?
True
Is (-237 + 4)/((-2 + 1)*1) a composite number?
False
Suppose -w = -2*q + 1841, 4*w = q + w - 928. Is q a prime number?
True
Suppose -p - 26 = -81. Is p a composite number?
True
Let o(t) = 2*t**2 + 2*t - 3. Is o(-4) a prime number?
False
Let y = -3 + 3. Suppose -5*h - 15 = a, -2*a + 3*h + y*h + 9 = 0. Suppose -4*r + 5*s + 61 = a, 2*r - 6*r - 5*s = -51. Is r prime?
False
Suppose -122 = -i + 3*j, 3*j - 10 = -2*j. Suppose -4*l + g + 3*g + i = 0, 5*l = -2*g + 153. Suppose -3*o = 2*o + 10, l = p + 3*o. Is p a prime number?
True
Let q(z) = 2*z**2 - 3*z - 1. Let v be q(3). Suppose 2*u + 36 - v = 0. Is 4/(-14) + (-186)/u a composite number?
False
Let k be 3*2 - (0 + 1). Let v be (9 - k)*(-10)/(-1). Let m = -26 + v. Is m a composite number?
True
Let v = -69 - -208. Let a = 258 - v. Is a composite?
True
Let z be 71/(-5) - 3/(-15). Let k = 0 - z. Is k prime?
False
Let b be (3/(-5))/((-2)/2330). Suppose 3*l - 108 = b. Is l composite?
False
Let d(z) = 9*z - 4. Let j(p) = -p + 10. Let q = -12 + 19. Let m be j(q). Is d(m) a composite number?
False
Let o be (-2)/((-1)/(-1))*-2. Suppose -o*g + 768 = 4*b, g + b = -2*g + 578. Suppose -3*s + 2*w + 287 = 0, -5*s - 3*w + 298 = -g. Is s a composite number?
False
Let f(v) be the second derivative of v**4/12 + v**3/3 - 7*v**2 - 4*v. Is f(-12) prime?
False
Let n(d) = 3*d**2 - d + 15. Is n(-5) a prime number?
False
Suppose -24 = -z - 3*z + 3*k, -k - 4 = 0. Suppose q = 2*p - 81, 0*p - 2*q = z*p - 139. Is p composite?
False
Suppose 4*o - 45 = -o. Let t = -6 + o. Suppose 27 = 2*z - t*s, -z - 2*z - 4*s = -15. Is z a prime number?
False
Suppose t + 10 = h - 46, 4*t = -12. Is h prime?
True
Let p(b) = b**3 - 2*b**2 + 2*b. Suppose 12 = m + 2*m. Suppose 10 = -2*t + 4*n, 32 = m*t - 0*t + 5*n. Is p(t) a composite number?
True
Suppose 0 = -3*g - k + 3128, 0 = g + 3*k - 776 - 264. Is g composite?
True
Suppose 3*v - 11 = 10. Let k be 1550/(-14) - 2/v. Is 8/12*k/(-2) a composite number?
False
Suppose -5*t - 3*j + 1497 = -3*t, 2*t = 2*j + 1492. Let c = 1334 - t. Is c prime?
True
Let v(n) be the second derivative of n**3/6 - 19*n**2 - 2*n. Let p be v(0). Let b = p - -57. Is b a prime number?
True
Let s = 7 - 4. Suppose 0*a + 339 = s*a. Is a a composite number?
False
Let b = -4 + 8. Let w be 15/6 - 2/b. Suppose 2047 = 3*u + 4*v, u = -w*u + v + 2027. Is u a prime number?
True
Suppose 0*b + 5*c + 60 = 5*b, -b + 4*c = -21. Suppose 4*a + 4*f = 724 + 156, 3*f = -b. Is a a composite number?
False
Suppose 4*o + 5*a + 506 = 0, -o - 3*a = -8 + 138. Let z = 213 + o. Is z prime?
True
Is (1 - (-255 - -3))*1 prime?
False
Suppose 0 = -4*d + 22 + 870. Is d a prime number?
True
Let y be (-2)/(-6) + 245/3. Suppose x - 100 = 39. Let q = x - y. Is q a composite number?
True
Let d = -9 + 12. Let j(a) = 4*a**3 - 4*a**2 + 4*a. Let s be j(3). Is s - 1/(d/3) prime?
True
Suppose 5*b + 3*c = 1617, b - 3*c = -b + 630. Is b prime?
False
Let y be (27/15 - 1)*5. Suppose 0 = -y*u + 124 + 16. Is u a prime number?
False
Suppose -85 = -b - 4*b. Let s = b - 12. Is 17/(2 + s/(-3)) prime?
False
Let h = 877 - 626. Is h prime?
True
Let o = 0 - -4. Suppose -y - o = 5. Let t = y - -28. Is t a composite number?
False
Suppose -5*h = -4*t - 0*t, t = -4*h. Suppose t = -3*f - 5*c + 22, 5*f + 0*c + c - 44 = 0. Is f prime?
False
Let r(q) = 28*q - 4 - 4 + 1 - 8*q. Is r(6) a composite number?
False
Let d = 15 - 9. Suppose -d*c + 789 = -873. Is c composite?
False
Let k = 13 - 6. Suppose 3*z - c + 44 = k, 3*c + 33 = -3*z. Let f = 49 + z. Is f composite?
False
Let u = 4602 - 3253. Suppose -4*z + u = -647. Is z a prime number?
True
Suppose 2*t + 0 = h + 18, 4*h + 32 = -2*t. Suppose -34 = -4*m + 6*m. Let s = h - m. Is s a composite number?
False
Suppose 4*g = -g + 120. Let p = -11 + g. Suppose -3*k = -2*k - p. Is k composite?
False
Let f = 191 - -362. Is f prime?
False
Let k(v) = -v**3 - 5*v**2 + 3*v + 4. Let j be k(-6). Suppose -j = -w - t, w + 5*t - 3*t = 21. Is w composite?
False
Let h(a) = a**2 - 11*a + 15. Let y = 25 + -15. Let t be h(y). Suppose -3*x + 4*x = -t*u + 58, 58 = x + u. Is x a composite number?
True
Let j be (-7 - -2)*(-6)/10. Suppose 30 + 447 = j*m. Suppose -2*n - m = -d, 3*d - 134 = 2*d - 3*n. Is d a composite number?
False
Let z(b) = -2*b**3 - 16*b**2 + 16*b + 23. Is z(-15) composite?
True
Suppose 3*x + 437 = 1664. Is x a prime number?
True
Let r = 473 + 1410. Is r prime?
False
Is (-2326)/4*2/(-1) a composite number?
False
Suppose 2*o = -370 - 1740. Is (0 + -1)/(5/o) a composite number?
False
Suppose -3*u + 4 + 8 = 0. Let b be 3/(-2)*u/(-2). Suppose -3*p + 64 = -5*y, 3*p = -b*y + 10 + 14. Is p a composite number?
False
Suppose -i - 4 + 2 = 0, -4*h + 20612 = 4*i. Is h prime?
False
Suppose -5*y + 438 = u, -2213 = -3*u - 2*u - 2*y. Is u a prime number?
True
Suppose 16 = -4*k, 2*y + 4*k = 2*k + 1766. Is y composite?
False
Let w(p) = 7*p + 3. Let a be w(11). Let r(u) = u**2 + 5*u - 7. Let d be r(5). Let f = a - d. Is f a prime number?
True
Suppose -3*d = -2*d - 1661. Is d composite?
True
Let k be (-1 + (-1 - -1))*0. Suppose k = 2*h + 2*m - 4 - 4, -2*h + 4*m + 8 = 0. Is 6/h + (-76)/(-8) a prime number?
True
Let p(b) = -2*b**3 - 3*b - 3. Is p(-2) a composite number?
False
Suppose -b = -5*r - 496, 4*b - 2002 - 92 = -2*r. Is b a prime number?
True
Let n(z) be the third derivative of -2*z**4/3 + 17*z**3/6 + 3*z**2. Is n(-8) composite?
True
Suppose -1082 = 27*j - 29*j. Is j composite?
False
Suppose -3*m + 0*b = -5*b - 37, -b + 80 = 4*m. Is m composite?
False
Let m = 8 + -2. Let o be (0 + 2)*2/(-2). Is 0 - m/o - -16 composite?
False
Suppose y - 33 = -5*s + 64, 0 = -4*y - 4*s + 340. Is y a composite number?
True
Suppose 3*j + 637 = 5*r - 502, 2*j + 6 = 0. Suppose -q + r = -3*s, -q + 208 + 21 = -4*s. Is q prime?
False
Let n(c) = -c - 9 + 26 + 14 + 2*c. Is n(0) composite?
False
Let n be (-1)/(3/(-6)*1). Suppose -j = n*j. Let s(k) = -k + 67. Is s(j) a prime number?
True
Suppose -6*w - 3*j - 2013 = -10*w, -5*j + 1488 = 3*w. Is w a prime number?
False
Let n = 29 + -6. Let i = 44 - n. Is i a prime number?
False
Suppose 3*z - 2*p - 10 = -3*p, -5*z + 22 = -p. Suppose 0 = -z*v - 95 + 283. Is v composite?
False
Let j(s) = -s**3 - 9*s**2 - 8*s - 2. Let q(i) = -i + 1. Let d be q(9). Let w be j(d). Is (370/3)/(w/(-3)) a composite number?
True
Let x be -1 - ((-2)/2 + 2). Is x + 0 + 3 - -142 prime?
False
Suppose -108 = -0*n - 3*n. Let u = n - 17. Is u a composite number?
False
Suppose 2*v = -2*q + 98, 2*v = -6*q + 3*q + 103. Suppose 5*f - v - 26 = 0. Let s = 19 + f. Is s prime?
False
Let o be (-88)/6*3/(-2). Suppose 2*a + 0*a = w + 11, 4*w - o = -3*a. Is (a/(-5))/((-4)/30) prime?
False
Let m(p) = -p**3 + 13*p**2 - 5*p - 10. Let u be m(11). Suppose -3*f = -4*f + u. Is f prime?
False
Let r(p) = p**2 + p - 2. Let d be r(2). Suppose -2*w + 175 = 3. Suppose d*t = 2*t + w. Is t a composite number?
False
Let b = 7 - -5. Let c(a) = 3 + b*a + 3*a - a. Is c(4) prime?
True
Let c = 0 + 0. Suppose -5*w - 35 = -2*q, c*w - 30 = -3*q + 3*w. Suppose o - 29 = -x, q*x - 3*x - 5*o - 72 = 0. Is x a composite number?
False
Let f = -12 + 8. Let b(m) = -8*m**2 + 2*m + 5. Let p be b(f). Let x = p + 280. Is x a prime number?
True
Is (2/(-5))/(-1) - 273312/(-45) composite?
True
Let l = 559 - 72. Is l a composite number?
False
Let o = 77 + -10. Is o a composite number?
False
Let l be 2/7 - 1592/(-14). Suppose 2*d + 66 = -l. Let w = -41 - d. Is w composite?
True
Let x = -3 - -13. Let q(u) = -u**2 + 12*u - 8. Let c be q(x). Is 0 + -1 + 2 + c a composite number?
False
Let f be 358/8 - (-3)/12. Let l be 448/9 + 10/f. Suppose 5*b - l = -5*m, m = -0*m. Is b a composite number?
True
Let v(u) be the first derivative of u**6/120 - u**5/60 - u**4/12 - u**3/3 - 1. Let b(t) be the third derivative of v(t). Is b(3) prime?
True
Suppose -344 = -3*b + 43. Is b composite?
True
Suppose -1 = -3*g + 4*g. Let s(d) = 47*d**2 - 1. Is s(g) a prime number?
False
Suppose 2*w - 118 - 1248 = 0. Is w prime?
True
Suppose 0 = o - 0*o. Suppose 2*w - k - 11 = 0, 2*k = 2*w - o*k - 12. Suppose 0 = w*j - 25 + 5. Is j prime?
False
Let a(x) = -x**2 - 4*x - 2. Let j be a(-2). Suppose j = u - 2. Su